{"id":72,"date":"2019-06-06T11:51:55","date_gmt":"2019-06-06T11:51:55","guid":{"rendered":"https:\/\/www.ankailaclama.com.tr\/zonguldak-bocek-ilaclama-ev-ve-is-yeri-ilaclama-bartin-karabuk-devrek-caycuma-eregli-gokcebey-kilimli-kozlu-bocek-hasere-bahce-zirai-ilaclama\/?page_id=72"},"modified":"2019-06-06T11:51:55","modified_gmt":"2019-06-06T11:51:55","slug":"hakkimizda","status":"publish","type":"page","link":"https:\/\/ankailaclama.com.tr\/zonguldak-anka-ilaclama\/hakkimizda\/","title":{"rendered":"Hakk\u0131m\u0131zda"},"content":{"rendered":"\n<p>Zonguldak Anka\u00a0ila\u00e7lama \u015firketi kuruldu\u011fu g\u00fcnden bug\u00fcne ila\u00e7lama sekt\u00f6r\u00fcnde m\u00fc\u015fteri memnuniyetini \u00f6n planda tutarak k\u0131sa s\u00fcrede en \u00e7ok tercih edilen firmalardan biri olmay\u0131 ba\u015farm\u0131\u015ft\u0131r.<\/p>\n\n\n\n<p>\u00c7evreye duyarl\u0131l\u0131\u011f\u0131na \u00f6nem veren, sekt\u00f6r i\u00e7erisinde s\u00fcrekli geli\u015fen firmam\u0131z en son teknolojiden yararlanarak hizmet vermektedir. Bizi tercih eden ki\u015filer, kurumlar, kurulu\u015flar ve personellerimiz\u00a0a\u00e7\u0131s\u0131ndan g\u00fcvenilirli\u011fimizi devam ettirmek firmam\u0131z i\u00e7in \u00f6n ko\u015fuldur.<\/p>\n\n\n\n<p><em>Zonguldak Anka\u00a0\u0130la\u00e7lama\u00a0\u015firketi olarak size sa\u011fl\u0131kl\u0131, kaliteli ve ekonomik ila\u00e7lama garanti ediyoruz . Biz \u00f6ncelikle insan sa\u011fl\u0131\u011f\u0131na \u00f6nem veriyoruz.<\/em><\/p>\n\n\n\n<p>B\u00f6cek ila\u00e7lama, ha\u015fere ila\u00e7lama , kene ila\u00e7lama , fare ila\u00e7lama , pire ila\u00e7lama hizmetlerimizde en teknolojik \u00fcr\u00fcn ve cihazlar\u0131 D\u00fcnya Sa\u011fl\u0131k \u00d6rg\u00fct\u00fc (WHO) ,Sa\u011fl\u0131k Bakanl\u0131\u011f\u0131 , TSE , mevzuatlar\u0131na uygun olarak kullanmaktay\u0131z. Kullanm\u0131\u015f oldu\u011fumuz kimyasallar D\u00fcnya Sa\u011fl\u0131k \u00d6rg\u00fct\u00fc (WHO) ve Sa\u011fl\u0131k bakanl\u0131\u011f\u0131 taraf\u0131ndan onaylanm\u0131\u015f koku, leke ve iz b\u0131rakmayan ila\u00e7lard\u0131r.<\/p>\n\n\n\n<p>Zonguldak Anka\u00a0\u0130la\u00e7lama\u00a0\u015eirketi. 2008 y\u0131l\u0131ndan bu yana Zonguldak\u2019\u0131n t\u00fcm b\u00f6lgelerinde siz halk\u0131m\u0131z\u0131, ha\u015fere ve b\u00f6ceklerden en sa\u011fl\u0131kl\u0131 bi\u00e7imde kurtar\u0131yoruz.<\/p>\n","protected":false},"excerpt":{"rendered":"<p>Zonguldak Anka\u00a0ila\u00e7lama \u015firketi kuruldu\u011fu g\u00fcnden bug\u00fcne ila\u00e7lama sekt\u00f6r\u00fcnde m\u00fc\u015fteri memnuniyetini \u00f6n planda tutarak k\u0131sa s\u00fcrede en \u00e7ok tercih edilen firmalardan biri olmay\u0131 ba\u015farm\u0131\u015ft\u0131r. \u00c7evreye duyarl\u0131l\u0131\u011f\u0131na \u00f6nem veren, sekt\u00f6r i\u00e7erisinde s\u00fcrekli geli\u015fen firmam\u0131z en son teknolojiden yararlanarak hizmet vermektedir. Bizi tercih eden ki\u015filer, kurumlar, kurulu\u015flar ve personellerimiz\u00a0a\u00e7\u0131s\u0131ndan g\u00fcvenilirli\u011fimizi devam ettirmek firmam\u0131z i\u00e7in \u00f6n ko\u015fuldur. Zonguldak Anka\u00a0\u0130la\u00e7lama\u00a0\u015firketi [&hellip;]<\/p>\n","protected":false},"author":1,"featured_media":0,"parent":0,"menu_order":0,"comment_status":"closed","ping_status":"closed","template":"","meta":{"footnotes":""},"class_list":["post-72","page","type-page","status-publish","hentry"],"_links":{"self":[{"href":"https:\/\/ankailaclama.com.tr\/zonguldak-anka-ilaclama\/wp-json\/wp\/v2\/pages\/72","targetHints":{"allow":["GET"]}}],"collection":[{"href":"https:\/\/ankailaclama.com.tr\/zonguldak-anka-ilaclama\/wp-json\/wp\/v2\/pages"}],"about":[{"href":"https:\/\/ankailaclama.com.tr\/zonguldak-anka-ilaclama\/wp-json\/wp\/v2\/types\/page"}],"author":[{"embeddable":true,"href":"https:\/\/ankailaclama.com.tr\/zonguldak-anka-ilaclama\/wp-json\/wp\/v2\/users\/1"}],"replies":[{"embeddable":true,"href":"https:\/\/ankailaclama.com.tr\/zonguldak-anka-ilaclama\/wp-json\/wp\/v2\/comments?post=72"}],"version-history":[{"count":0,"href":"https:\/\/ankailaclama.com.tr\/zonguldak-anka-ilaclama\/wp-json\/wp\/v2\/pages\/72\/revisions"}],"wp:attachment":[{"href":"https:\/\/ankailaclama.com.tr\/zonguldak-anka-ilaclama\/wp-json\/wp\/v2\/media?parent=72"}],"curies":[{"name":"wp","href":"https:\/\/api.w.org\/{rel}","templated":true}]}}